[INFO] fetching crate bitcask-rs 0.1.1...
[INFO] checking bitcask-rs-0.1.1 against master#af3c6e733a40e671550e0f0f5aeecaa13772ba56 for pr-74989
[INFO] extracting crate bitcask-rs 0.1.1 into /workspace/builds/worker-6/source
[INFO] validating manifest of crates.io crate bitcask-rs 0.1.1 on toolchain af3c6e733a40e671550e0f0f5aeecaa13772ba56
[INFO] running `Command { std: "/workspace/cargo-home/bin/cargo" "+af3c6e733a40e671550e0f0f5aeecaa13772ba56" "read-manifest" "--manifest-path" "Cargo.toml", kill_on_drop: false }`
[INFO] started tweaking crates.io crate bitcask-rs 0.1.1
[INFO] finished tweaking crates.io crate bitcask-rs 0.1.1
[INFO] tweaked toml for crates.io crate bitcask-rs 0.1.1 written to /workspace/builds/worker-6/source/Cargo.toml
[INFO] running `Command { std: "/workspace/cargo-home/bin/cargo" "+af3c6e733a40e671550e0f0f5aeecaa13772ba56" "generate-lockfile" "--manifest-path" "Cargo.toml" "-Zno-index-update", kill_on_drop: false }`
[INFO] [stderr]     Blocking waiting for file lock on package cache
[INFO] running `Command { std: "/workspace/cargo-home/bin/cargo" "+af3c6e733a40e671550e0f0f5aeecaa13772ba56" "fetch" "--locked" "--manifest-path" "Cargo.toml", kill_on_drop: false }`
[INFO] [stderr]     Blocking waiting for file lock on package cache
[INFO] running `Command { std: "docker" "create" "-v" "/var/lib/crater-agent-workspace/builds/worker-6/target:/opt/rustwide/target:rw,Z" "-v" "/var/lib/crater-agent-workspace/builds/worker-6/source:/opt/rustwide/workdir:ro,Z" "-v" "/var/lib/crater-agent-workspace/cargo-home:/opt/rustwide/cargo-home:ro,Z" "-v" "/var/lib/crater-agent-workspace/rustup-home:/opt/rustwide/rustup-home:ro,Z" "-e" "SOURCE_DIR=/opt/rustwide/workdir" "-e" "CARGO_TARGET_DIR=/opt/rustwide/target" "-e" "CARGO_HOME=/opt/rustwide/cargo-home" "-e" "RUSTUP_HOME=/opt/rustwide/rustup-home" "-w" "/opt/rustwide/workdir" "-m" "1610612736" "--user" "0:0" "--network" "none" "rustops/crates-build-env@sha256:d92eaeed33fa75130ca1ee6c8a01d1ffb62bac859dfdfb3450e3e5d1c0146529" "/opt/rustwide/cargo-home/bin/cargo" "+af3c6e733a40e671550e0f0f5aeecaa13772ba56" "metadata" "--no-deps" "--format-version=1", kill_on_drop: false }`
[INFO] [stdout] 58a55c16363c8a52f07d711ffe593061a4429d5e366782bfe65c6e3b560dbb99
[INFO] [stderr] WARNING: Your kernel does not support swap limit capabilities or the cgroup is not mounted. Memory limited without swap.
[INFO] running `Command { std: "docker" "start" "-a" "58a55c16363c8a52f07d711ffe593061a4429d5e366782bfe65c6e3b560dbb99", kill_on_drop: false }`
[INFO] running `Command { std: "docker" "inspect" "58a55c16363c8a52f07d711ffe593061a4429d5e366782bfe65c6e3b560dbb99", kill_on_drop: false }`
[INFO] running `Command { std: "docker" "rm" "-f" "58a55c16363c8a52f07d711ffe593061a4429d5e366782bfe65c6e3b560dbb99", kill_on_drop: false }`
[INFO] [stdout] 58a55c16363c8a52f07d711ffe593061a4429d5e366782bfe65c6e3b560dbb99
[INFO] running `Command { std: "docker" "create" "-v" "/var/lib/crater-agent-workspace/builds/worker-6/target:/opt/rustwide/target:rw,Z" "-v" "/var/lib/crater-agent-workspace/builds/worker-6/source:/opt/rustwide/workdir:ro,Z" "-v" "/var/lib/crater-agent-workspace/cargo-home:/opt/rustwide/cargo-home:ro,Z" "-v" "/var/lib/crater-agent-workspace/rustup-home:/opt/rustwide/rustup-home:ro,Z" "-e" "SOURCE_DIR=/opt/rustwide/workdir" "-e" "CARGO_TARGET_DIR=/opt/rustwide/target" "-e" "CARGO_INCREMENTAL=0" "-e" "RUST_BACKTRACE=full" "-e" "RUSTFLAGS=--cap-lints=forbid" "-e" "CARGO_HOME=/opt/rustwide/cargo-home" "-e" "RUSTUP_HOME=/opt/rustwide/rustup-home" "-w" "/opt/rustwide/workdir" "-m" "1610612736" "--user" "0:0" "--network" "none" "rustops/crates-build-env@sha256:d92eaeed33fa75130ca1ee6c8a01d1ffb62bac859dfdfb3450e3e5d1c0146529" "/opt/rustwide/cargo-home/bin/cargo" "+af3c6e733a40e671550e0f0f5aeecaa13772ba56" "check" "--frozen" "--all" "--all-targets" "--message-format=json", kill_on_drop: false }`
[INFO] [stdout] d1ca45eb17bd2feae7f8788ef0925f72e524b1ef3b385222862bf4142eed37ca
[INFO] [stderr] WARNING: Your kernel does not support swap limit capabilities or the cgroup is not mounted. Memory limited without swap.
[INFO] running `Command { std: "docker" "start" "-a" "d1ca45eb17bd2feae7f8788ef0925f72e524b1ef3b385222862bf4142eed37ca", kill_on_drop: false }`
[INFO] [stderr]    Compiling libc v0.2.77
[INFO] [stderr]     Checking cfg-if v0.1.10
[INFO] [stderr]    Compiling autocfg v1.0.1
[INFO] [stderr]    Compiling proc-macro2 v1.0.21
[INFO] [stderr]    Compiling unicode-xid v0.2.1
[INFO] [stderr]    Compiling syn v1.0.40
[INFO] [stderr]    Compiling serde v1.0.116
[INFO] [stderr]    Compiling getrandom v0.1.15
[INFO] [stderr]     Checking adler v0.2.3
[INFO] [stderr]    Compiling memchr v2.3.3
[INFO] [stderr]    Compiling unicode-xid v0.0.4
[INFO] [stderr]    Compiling ryu v1.0.5
[INFO] [stderr]    Compiling serde_json v1.0.57
[INFO] [stderr]    Compiling quote v0.3.15
[INFO] [stderr]     Checking ppv-lite86 v0.2.9
[INFO] [stderr]    Compiling failure_derive v0.1.8
[INFO] [stderr]    Compiling serde_derive v1.0.116
[INFO] [stderr]     Checking linked-hash-map v0.5.3
[INFO] [stderr]     Checking gimli v0.22.0
[INFO] [stderr]    Compiling log v0.4.11
[INFO] [stderr]     Checking itoa v0.4.6
[INFO] [stderr]     Checking rustc-demangle v0.1.16
[INFO] [stderr]     Checking object v0.20.0
[INFO] [stderr]    Compiling derive_builder v0.5.1
[INFO] [stderr]     Checking lazy_static v1.4.0
[INFO] [stderr]     Checking rand_core v0.4.2
[INFO] [stderr]     Checking antidote v1.0.0
[INFO] [stderr]     Checking arc-swap v0.3.11
[INFO] [stderr]     Checking log-mdc v0.1.0
[INFO] [stderr]     Checking integer-encoding v1.1.5
[INFO] [stderr]     Checking miniz_oxide v0.4.1
[INFO] [stderr]    Compiling synom v0.11.3
[INFO] [stderr]     Checking unsafe-any v0.4.2
[INFO] [stderr]     Checking yaml-rust v0.4.4
[INFO] [stderr]     Checking itertools v0.7.11
[INFO] [stderr]     Checking thread_local v1.0.1
[INFO] [stderr]     Checking crc32fast v1.2.0
[INFO] [stderr]     Checking typemap v0.3.3
[INFO] [stderr]    Compiling num-traits v0.2.12
[INFO] [stderr]    Compiling num-integer v0.1.43
[INFO] [stderr]    Compiling syn v0.11.11
[INFO] [stderr]     Checking rand_core v0.3.1
[INFO] [stderr]     Checking aho-corasick v0.7.13
[INFO] [stderr]    Compiling quote v1.0.7
[INFO] [stderr]     Checking time v0.1.44
[INFO] [stderr]     Checking flate2 v1.0.17
[INFO] [stderr]     Checking thread-id v3.3.0
[INFO] [stderr]     Checking rand v0.4.6
[INFO] [stderr]     Checking io-at v0.4.1
[INFO] [stderr]     Checking rand v0.5.6
[INFO] [stderr]    Compiling derive_builder_core v0.2.0
[INFO] [stderr]     Checking ordered-float v1.1.0
[INFO] [stderr]     Checking rand_core v0.5.1
[INFO] [stderr]     Checking regex v1.3.9
[INFO] [stderr]     Checking rand_chacha v0.2.2
[INFO] [stderr]     Checking chrono v0.4.15
[INFO] [stderr]     Checking rand v0.7.3
[INFO] [stderr]     Checking uuid v0.6.5
[INFO] [stderr]     Checking addr2line v0.13.0
[INFO] [stderr]     Checking twox-hash v1.5.0
[INFO] [stderr]     Checking backtrace v0.3.50
[INFO] [stderr]    Compiling synstructure v0.12.4
[INFO] [stderr]     Checking serde_yaml v0.8.13
[INFO] [stderr]     Checking serde-value v0.5.3
[INFO] [stderr]     Checking failure v0.1.8
[INFO] [stderr]     Checking log4rs v0.8.3
[INFO] [stderr]     Checking bitcask-rs v0.1.1 (/opt/rustwide/workdir)
[INFO] [stdout] warning: trait objects without an explicit `dyn` are deprecated
[INFO] [stdout]   --> src/keys_iterator.rs:25:15
[INFO] [stdout]    |
[INFO] [stdout] 25 |     iter: Box<Iterator<Item = &'a Key> + 'a>,
[INFO] [stdout]    |               ^^^^^^^^^^^^^^^^^^^^^^^^^^^^^ help: use `dyn`: `dyn Iterator<Item = &'a Key> + 'a`
[INFO] [stdout]    |
[INFO] [stdout]    = note: `#[warn(bare_trait_objects)]` on by default
[INFO] [stdout] 
[INFO] [stdout] 
[INFO] [stdout] warning: trait objects without an explicit `dyn` are deprecated
[INFO] [stdout]   --> src/keys_iterator.rs:30:22
[INFO] [stdout]    |
[INFO] [stdout] 30 |     fn new(iter: Box<Iterator<Item = &'a Key> + 'a>) -> StoreKeysIter<'a> {
[INFO] [stdout]    |                      ^^^^^^^^^^^^^^^^^^^^^^^^^^^^^ help: use `dyn`: `dyn Iterator<Item = &'a Key> + 'a`
[INFO] [stdout] 
[INFO] [stdout] 
[INFO] [stdout] warning: trait objects without an explicit `dyn` are deprecated
[INFO] [stdout]    --> src/store.rs:123:38
[INFO] [stdout]     |
[INFO] [stdout] 123 |     pub fn keys<'a>(&'a self) -> Box<Iterator<Item = &'a Key> + 'a> {
[INFO] [stdout]     |                                      ^^^^^^^^^^^^^^^^^^^^^^^^^^^^^ help: use `dyn`: `dyn Iterator<Item = &'a Key> + 'a`
[INFO] [stdout] 
[INFO] [stdout] 
[INFO] [stdout] warning: trait objects without an explicit `dyn` are deprecated
[INFO] [stdout]    --> src/store.rs:170:38
[INFO] [stdout]     |
[INFO] [stdout] 170 |     pub fn keys<'a>(&'a self) -> Box<Iterator<Item = &'a Key> + 'a> {
[INFO] [stdout]     |                                      ^^^^^^^^^^^^^^^^^^^^^^^^^^^^^ help: use `dyn`: `dyn Iterator<Item = &'a Key> + 'a`
[INFO] [stdout] 
[INFO] [stdout] 
[INFO] [stdout] warning: use of deprecated constant `std::sync::ONCE_INIT`: the `new` function is now preferred
[INFO] [stdout]   --> src/lib.rs:34:23
[INFO] [stdout]    |
[INFO] [stdout] 34 | use std::sync::{Once, ONCE_INIT};
[INFO] [stdout]    |                       ^^^^^^^^^
[INFO] [stdout]    |
[INFO] [stdout]    = note: `#[warn(deprecated)]` on by default
[INFO] [stdout] 
[INFO] [stdout] 
[INFO] [stdout] warning: use of deprecated constant `std::sync::ONCE_INIT`: the `new` function is now preferred
[INFO] [stdout]   --> src/lib.rs:36:21
[INFO] [stdout]    |
[INFO] [stdout] 36 | static INIT: Once = ONCE_INIT;
[INFO] [stdout]    |                     ^^^^^^^^^ help: replace the use of the deprecated constant: `Once::new()`
[INFO] [stdout] 
[INFO] [stdout] 
[INFO] [stdout] warning: trait objects without an explicit `dyn` are deprecated
[INFO] [stdout]   --> src/keys_iterator.rs:25:15
[INFO] [stdout]    |
[INFO] [stdout] 25 |     iter: Box<Iterator<Item = &'a Key> + 'a>,
[INFO] [stdout]    |               ^^^^^^^^^^^^^^^^^^^^^^^^^^^^^ help: use `dyn`: `dyn Iterator<Item = &'a Key> + 'a`
[INFO] [stdout]    |
[INFO] [stdout]    = note: `#[warn(bare_trait_objects)]` on by default
[INFO] [stdout] 
[INFO] [stdout] 
[INFO] [stdout] warning: trait objects without an explicit `dyn` are deprecated
[INFO] [stdout]   --> src/keys_iterator.rs:30:22
[INFO] [stdout]    |
[INFO] [stdout] 30 |     fn new(iter: Box<Iterator<Item = &'a Key> + 'a>) -> StoreKeysIter<'a> {
[INFO] [stdout]    |                      ^^^^^^^^^^^^^^^^^^^^^^^^^^^^^ help: use `dyn`: `dyn Iterator<Item = &'a Key> + 'a`
[INFO] [stdout] 
[INFO] [stdout] 
[INFO] [stdout] warning: trait objects without an explicit `dyn` are deprecated
[INFO] [stdout]    --> src/store.rs:123:38
[INFO] [stdout]     |
[INFO] [stdout] 123 |     pub fn keys<'a>(&'a self) -> Box<Iterator<Item = &'a Key> + 'a> {
[INFO] [stdout]     |                                      ^^^^^^^^^^^^^^^^^^^^^^^^^^^^^ help: use `dyn`: `dyn Iterator<Item = &'a Key> + 'a`
[INFO] [stdout] 
[INFO] [stdout] 
[INFO] [stdout] warning: trait objects without an explicit `dyn` are deprecated
[INFO] [stdout]    --> src/store.rs:170:38
[INFO] [stdout]     |
[INFO] [stdout] 170 |     pub fn keys<'a>(&'a self) -> Box<Iterator<Item = &'a Key> + 'a> {
[INFO] [stdout]     |                                      ^^^^^^^^^^^^^^^^^^^^^^^^^^^^^ help: use `dyn`: `dyn Iterator<Item = &'a Key> + 'a`
[INFO] [stdout] 
[INFO] [stdout] 
[INFO] [stdout] warning: use of deprecated constant `std::sync::ONCE_INIT`: the `new` function is now preferred
[INFO] [stdout]   --> src/lib.rs:34:23
[INFO] [stdout]    |
[INFO] [stdout] 34 | use std::sync::{Once, ONCE_INIT};
[INFO] [stdout]    |                       ^^^^^^^^^
[INFO] [stdout]    |
[INFO] [stdout]    = note: `#[warn(deprecated)]` on by default
[INFO] [stdout] 
[INFO] [stdout] 
[INFO] [stdout] warning: use of deprecated constant `std::sync::ONCE_INIT`: the `new` function is now preferred
[INFO] [stdout]   --> src/lib.rs:36:21
[INFO] [stdout]    |
[INFO] [stdout] 36 | static INIT: Once = ONCE_INIT;
[INFO] [stdout]    |                     ^^^^^^^^^ help: replace the use of the deprecated constant: `Once::new()`
[INFO] [stdout] 
[INFO] [stdout] 
[INFO] [stdout] warning: field is never read: `config`
[INFO] [stdout]    --> src/store.rs:136:5
[INFO] [stdout]     |
[INFO] [stdout] 136 |     config: Arc<Config>,
[INFO] [stdout]     |     ^^^^^^^^^^^^^^^^^^^
[INFO] [stdout]     |
[INFO] [stdout]     = note: `#[warn(dead_code)]` on by default
[INFO] [stdout] 
[INFO] [stdout] 
[INFO] [stdout] warning: associated function is never used: `remove_segment`
[INFO] [stdout]    --> src/store.rs:360:8
[INFO] [stdout]     |
[INFO] [stdout] 360 |     fn remove_segment(&self, file_id: u64) -> Result<()> {
[INFO] [stdout]     |        ^^^^^^^^^^^^^^
[INFO] [stdout] 
[INFO] [stdout] 
[INFO] [stdout] warning: field is never read: `config`
[INFO] [stdout]    --> src/store.rs:136:5
[INFO] [stdout]     |
[INFO] [stdout] 136 |     config: Arc<Config>,
[INFO] [stdout]     |     ^^^^^^^^^^^^^^^^^^^
[INFO] [stdout]     |
[INFO] [stdout]     = note: `#[warn(dead_code)]` on by default
[INFO] [stdout] 
[INFO] [stdout] 
[INFO] [stdout] warning: associated function is never used: `remove_segment`
[INFO] [stdout]    --> src/store.rs:360:8
[INFO] [stdout]     |
[INFO] [stdout] 360 |     fn remove_segment(&self, file_id: u64) -> Result<()> {
[INFO] [stdout]     |        ^^^^^^^^^^^^^^
[INFO] [stdout] 
[INFO] [stdout] 
[INFO] [stdout] warning: 8 warnings emitted
[INFO] [stdout] 
[INFO] [stdout] 
[INFO] [stdout] warning: 8 warnings emitted
[INFO] [stdout] 
[INFO] [stdout] 
[INFO] [stdout] warning: use of deprecated associated function `rand::Rng::gen_ascii_chars`: use sample_iter(&Alphanumeric) instead
[INFO] [stdout]   --> examples/profile.rs:11:41
[INFO] [stdout]    |
[INFO] [stdout] 11 |     let id: String = rand::thread_rng().gen_ascii_chars().take(16).collect();
[INFO] [stdout]    |                                         ^^^^^^^^^^^^^^^
[INFO] [stdout]    |
[INFO] [stdout]    = note: `#[warn(deprecated)]` on by default
[INFO] [stdout] 
[INFO] [stdout] 
[INFO] [stdout] warning: unused variable: `i`
[INFO] [stdout]   --> examples/profile.rs:25:9
[INFO] [stdout]    |
[INFO] [stdout] 25 |     for i in 0..100000000 {
[INFO] [stdout]    |         ^ help: if this is intentional, prefix it with an underscore: `_i`
[INFO] [stdout]    |
[INFO] [stdout]    = note: `#[warn(unused_variables)]` on by default
[INFO] [stdout] 
[INFO] [stdout] 
[INFO] [stdout] warning: 2 warnings emitted
[INFO] [stdout] 
[INFO] [stdout] 
[INFO] [stdout] error[E0425]: cannot find function `escape_tombstone` in crate `bitcask_rs`
[INFO] [stdout]   --> tests/bitcask_test.rs:39:25
[INFO] [stdout]    |
[INFO] [stdout] 39 |             bitcask_rs::escape_tombstone(b"<<>>".to_vec()),
[INFO] [stdout]    |                         ^^^^^^^^^^^^^^^^ not found in `bitcask_rs`
[INFO] [stdout] 
[INFO] [stdout] 
[INFO] [stdout] error[E0425]: cannot find function `escape_tombstone` in crate `bitcask_rs`
[INFO] [stdout]   --> tests/bitcask_test.rs:43:25
[INFO] [stdout]    |
[INFO] [stdout] 43 |             bitcask_rs::escape_tombstone(b"aa<<>>hel<<>>sdf".to_vec()),
[INFO] [stdout]    |                         ^^^^^^^^^^^^^^^^ not found in `bitcask_rs`
[INFO] [stdout] 
[INFO] [stdout] 
[INFO] [stdout] error[E0425]: cannot find function `escape_tombstone` in crate `bitcask_rs`
[INFO] [stdout]   --> tests/bitcask_test.rs:47:25
[INFO] [stdout]    |
[INFO] [stdout] 47 |             bitcask_rs::escape_tombstone(b"<<>><<>>".to_vec()),
[INFO] [stdout]    |                         ^^^^^^^^^^^^^^^^ not found in `bitcask_rs`
[INFO] [stdout] 
[INFO] [stdout] 
[INFO] [stdout] error[E0425]: cannot find function `unescape_tombstone` in crate `bitcask_rs`
[INFO] [stdout]   --> tests/bitcask_test.rs:57:25
[INFO] [stdout]    |
[INFO] [stdout] 57 |             bitcask_rs::unescape_tombstone(b"<<>><<>>".to_vec()),
[INFO] [stdout]    |                         ^^^^^^^^^^^^^^^^^^ not found in `bitcask_rs`
[INFO] [stdout] 
[INFO] [stdout] 
[INFO] [stdout] error[E0425]: cannot find function `unescape_tombstone` in crate `bitcask_rs`
[INFO] [stdout]   --> tests/bitcask_test.rs:61:25
[INFO] [stdout]    |
[INFO] [stdout] 61 |             bitcask_rs::unescape_tombstone(b"aa<<>><<>>hel<<>><<>>sdf".to_vec()),
[INFO] [stdout]    |                         ^^^^^^^^^^^^^^^^^^ not found in `bitcask_rs`
[INFO] [stdout] 
[INFO] [stdout] 
[INFO] [stdout] error[E0425]: cannot find function `unescape_tombstone` in crate `bitcask_rs`
[INFO] [stdout]   --> tests/bitcask_test.rs:65:25
[INFO] [stdout]    |
[INFO] [stdout] 65 |             bitcask_rs::unescape_tombstone(b"<<>><<>><<>><<>>".to_vec()),
[INFO] [stdout]    |                         ^^^^^^^^^^^^^^^^^^ not found in `bitcask_rs`
[INFO] [stdout] 
[INFO] [stdout] 
[INFO] [stdout] error[E0425]: cannot find function `unescape_tombstone` in crate `bitcask_rs`
[INFO] [stdout]   --> tests/bitcask_test.rs:69:25
[INFO] [stdout]    |
[INFO] [stdout] 69 |             bitcask_rs::unescape_tombstone(b"<<>>".to_vec()),
[INFO] [stdout]    |                         ^^^^^^^^^^^^^^^^^^ not found in `bitcask_rs`
[INFO] [stdout] 
[INFO] [stdout] 
[INFO] [stdout] error: aborting due to 7 previous errors
[INFO] [stdout] 
[INFO] [stdout] 
[INFO] [stdout] For more information about this error, try `rustc --explain E0425`.
[INFO] [stdout] 
[INFO] [stderr] error: could not compile `bitcask-rs`.
[INFO] [stderr] 
[INFO] [stderr] To learn more, run the command again with --verbose.
[INFO] running `Command { std: "docker" "inspect" "d1ca45eb17bd2feae7f8788ef0925f72e524b1ef3b385222862bf4142eed37ca", kill_on_drop: false }`
[INFO] running `Command { std: "docker" "rm" "-f" "d1ca45eb17bd2feae7f8788ef0925f72e524b1ef3b385222862bf4142eed37ca", kill_on_drop: false }`
[INFO] [stdout] d1ca45eb17bd2feae7f8788ef0925f72e524b1ef3b385222862bf4142eed37ca
